{"id":11335,"date":"2015-10-22T00:00:00","date_gmt":"2015-10-22T04:00:00","guid":{"rendered":"https:\/\/www.aclukansas.org\/issues\/lgbtq-rights\/"},"modified":"2026-04-16T16:59:16","modified_gmt":"2026-04-16T20:59:16","slug":"derechos-lgbtq","status":"publish","type":"issue","link":"https:\/\/www.aclukansas.org\/es\/issues\/derechos-lgbtq\/","title":{"rendered":"Derechos LGBTQ+"},"author":7,"featured_media":0,"parent":0,"menu_order":0,"template":"","meta":{"_acf_changed":false,"_relevanssi_hide_post":"","_relevanssi_hide_content":"","_relevanssi_pin_for_all":"","_relevanssi_pin_keywords":"","_relevanssi_unpin_keywords":"","_relevanssi_related_keywords":"","_relevanssi_related_include_ids":"","_relevanssi_related_exclude_ids":"","_relevanssi_related_no_append":"","_relevanssi_related_not_related":"","_relevanssi_related_posts":"","_relevanssi_noindex_reason":""},"class_list":["post-11335","issue","type-issue","status-publish","hentry"],"acf":{"featured-image":10751,"intro":"Desde 1936, la ACLU ha sido una fuerza impulsora de los derechos LGBTQ+, y nos enorgullece mantener viva esa lucha en Kansas. Aunque el pa\u00eds avanza hacia la igualdad para todas las personas, tambi\u00e9n hay quienes tratan de crear obst\u00e1culos innecesarios para la comunidad LGBTQ+. Las personas sufren discriminaci\u00f3n en el \u00e1mbito laboral, en la vivienda y en la vida p\u00fablica por su orientaci\u00f3n sexual e identidad de g\u00e9nero; existen pocas leyes que les protegen.","what-you-need-to-know":null,"promo":{"display_promo":true,"description":"","button":"","url":""},"components":[{"acf_fc_layout":"text","text":{"text":"En 2014, la ACLU de Kansas present\u00f3 la demanda Marie contra Mosier, impugnando la prohibici\u00f3n del matrimonio entre personas del mismo sexo en Kansas, \u00a1y gan\u00f3! Otros estados apelaron sentencias similares hasta llegar al Tribunal Supremo, donde las prohibiciones del matrimonio entre personas del mismo sexo fueron declaradas inconstitucionales. Como resultado, las parejas del mismo sexo de todo Kansas pueden casarse legalmente desde noviembre de 2014.\r\n\r\nMientras algunos estados, incluido Kansas, intentan promulgar leyes que legalicen la discriminaci\u00f3n, la ACLU de Kansas trabaja para garantizar que no se apruebe ninguna legislaci\u00f3n que niegue las libertades civiles a la comunidad LGBTQ+ y ha sido una voz firme en defensa de los derechos de las personas transg\u00e9nero de Kansas. Hemos contribuido a ampliar las protecciones contra la discriminaci\u00f3n para las personas LGBTQ+, desde oponernos a los esfuerzos del exgobernador Brownback por sancionar la discriminaci\u00f3n en nombre de la \u201clibertad religiosa\u201d, hasta bloquear <a href=\"http:\/\/www.kslegislature.org\/li\/b2021_22\/measures\/sb55\/\">el ataque legislativo de 2021 contra los estudiantes atletas transg\u00e9nero<\/a>, y exigiendo la rendici\u00f3n de cuentas a los distritos escolares individuales que han maltratado a estudiantes transg\u00e9nero.\r\n\r\nSeguiremos luchando contra la discriminaci\u00f3n hacia los habitantes de Kansas por motivos de identidad de g\u00e9nero y orientaci\u00f3n sexual, ya sea en la legislatura, en los tribunales o en la comunidad.\r\n\r\n<em>Si has sufrido discriminaci\u00f3n con base en tu estatus como miembro de la comunidad LGBTQ+ en Kansas, <\/em><a href=\"https:\/\/www.aclukansas.org\/get-help\/\"><em>por favor, presenta una denuncia legal<\/em><\/a><em>.<\/em>\r\n\r\nVisita nuestro <a href=\"https:\/\/www.aclukansas.org\/lgbtq-advocacy-resource-hub\/\">Centro de Recursos LGBTQ+<\/a> para obtener m\u00e1s informaci\u00f3n."}}],"featured-story":null,"latest-stories":[9926,2142,5899,2114,6380,6275,6042,6353,5640],"related_campaigns_cases_legislation":[5147,5155],"actions":null},"yoast_head":"<!-- This site is optimized with the Yoast SEO plugin v24.9 - https:\/\/yoast.com\/wordpress\/plugins\/seo\/ -->\n<title>Derechos LGBTQ+ - ACLU of Kansas<\/title>\n<meta name=\"robots\" content=\"index, follow, max-snippet:-1, max-image-preview:large, max-video-preview:-1\" \/>\n<link rel=\"canonical\" href=\"https:\/\/www.aclukansas.org\/es\/issues\/derechos-lgbtq\/\" \/>\n<meta property=\"og:locale\" content=\"es_ES\" \/>\n<meta property=\"og:type\" content=\"article\" \/>\n<meta property=\"og:title\" content=\"Derechos LGBTQ+ - ACLU of Kansas\" \/>\n<meta property=\"og:description\" content=\"Since 1936 the ACLU has been a force for LGBTQ+ rights, and we are proud to keep that fight alive in Kansas. Even as the nation moves forward toward equality for all people, there are also some who seek to create unnecessary obstacles for people in the LGBTQ+ community. People face discrimination in the work [&hellip;]\" \/>\n<meta property=\"og:url\" content=\"https:\/\/www.aclukansas.org\/es\/issues\/derechos-lgbtq\/\" \/>\n<meta property=\"og:site_name\" content=\"ACLU of Kansas\" \/>\n<meta property=\"article:publisher\" content=\"https:\/\/www.facebook.com\/aclukansas\" \/>\n<meta property=\"article:modified_time\" content=\"2026-04-16T20:59:16+00:00\" \/>\n<meta property=\"og:image\" content=\"https:\/\/www.aclukansas.org\/app\/uploads\/2023\/04\/resource_hub.jpg\" \/>\n\t<meta property=\"og:image:width\" content=\"1304\" \/>\n\t<meta property=\"og:image:height\" content=\"800\" \/>\n\t<meta property=\"og:image:type\" content=\"image\/jpeg\" \/>\n<meta name=\"twitter:card\" content=\"summary_large_image\" \/>\n<meta name=\"twitter:site\" content=\"@aclukansas\" \/>\n<script type=\"application\/ld+json\" class=\"yoast-schema-graph\">{\"@context\":\"https:\/\/schema.org\",\"@graph\":[{\"@type\":\"WebPage\",\"@id\":\"https:\/\/www.aclukansas.org\/es\/issues\/derechos-lgbtq\/\",\"url\":\"https:\/\/www.aclukansas.org\/es\/issues\/derechos-lgbtq\/\",\"name\":\"Derechos LGBTQ+ - ACLU of Kansas\",\"isPartOf\":{\"@id\":\"https:\/\/www.aclukansas.org\/#website\"},\"primaryImageOfPage\":{\"@id\":\"https:\/\/www.aclukansas.org\/es\/issues\/derechos-lgbtq\/#primaryimage\"},\"image\":{\"@id\":\"https:\/\/www.aclukansas.org\/es\/issues\/derechos-lgbtq\/#primaryimage\"},\"thumbnailUrl\":\"https:\/\/www.aclukansas.org\/app\/uploads\/2023\/04\/resource_hub.jpg\",\"datePublished\":\"2015-10-22T04:00:00+00:00\",\"dateModified\":\"2026-04-16T20:59:16+00:00\",\"breadcrumb\":{\"@id\":\"https:\/\/www.aclukansas.org\/es\/issues\/derechos-lgbtq\/#breadcrumb\"},\"inLanguage\":\"es-ES\",\"potentialAction\":[{\"@type\":\"ReadAction\",\"target\":[\"https:\/\/www.aclukansas.org\/es\/issues\/derechos-lgbtq\/\"]}]},{\"@type\":\"ImageObject\",\"inLanguage\":\"es-ES\",\"@id\":\"https:\/\/www.aclukansas.org\/es\/issues\/derechos-lgbtq\/#primaryimage\",\"url\":\"https:\/\/www.aclukansas.org\/app\/uploads\/2023\/04\/resource_hub.jpg\",\"contentUrl\":\"https:\/\/www.aclukansas.org\/app\/uploads\/2023\/04\/resource_hub.jpg\"},{\"@type\":\"BreadcrumbList\",\"@id\":\"https:\/\/www.aclukansas.org\/es\/issues\/derechos-lgbtq\/#breadcrumb\",\"itemListElement\":[{\"@type\":\"ListItem\",\"position\":1,\"name\":\"Issues\",\"item\":\"https:\/\/www.aclukansas.org\/issues\/\"},{\"@type\":\"ListItem\",\"position\":2,\"name\":\"Derechos LGBTQ+\"}]},{\"@type\":\"WebSite\",\"@id\":\"https:\/\/www.aclukansas.org\/#website\",\"url\":\"https:\/\/www.aclukansas.org\/\",\"name\":\"ACLU of Kansas\",\"description\":\"\",\"publisher\":{\"@id\":\"https:\/\/www.aclukansas.org\/#organization\"},\"potentialAction\":[{\"@type\":\"SearchAction\",\"target\":{\"@type\":\"EntryPoint\",\"urlTemplate\":\"https:\/\/www.aclukansas.org\/?s={search_term_string}\"},\"query-input\":{\"@type\":\"PropertyValueSpecification\",\"valueRequired\":true,\"valueName\":\"search_term_string\"}}],\"inLanguage\":\"es-ES\"},{\"@type\":\"Organization\",\"@id\":\"https:\/\/www.aclukansas.org\/#organization\",\"name\":\"ACLU of Kansas\",\"url\":\"https:\/\/www.aclukansas.org\/\",\"logo\":{\"@type\":\"ImageObject\",\"inLanguage\":\"es-ES\",\"@id\":\"https:\/\/www.aclukansas.org\/#\/schema\/logo\/image\/\",\"url\":\"https:\/\/www.aclukansas.org\/app\/uploads\/2025\/09\/ACLU-Kansas__Color-Logo_RGB.png\",\"contentUrl\":\"https:\/\/www.aclukansas.org\/app\/uploads\/2025\/09\/ACLU-Kansas__Color-Logo_RGB.png\",\"width\":1054,\"height\":576,\"caption\":\"ACLU of Kansas\"},\"image\":{\"@id\":\"https:\/\/www.aclukansas.org\/#\/schema\/logo\/image\/\"},\"sameAs\":[\"https:\/\/www.facebook.com\/aclukansas\",\"https:\/\/x.com\/aclukansas\"]}]}<\/script>\n<!-- \/ Yoast SEO plugin. -->","yoast_head_json":{"title":"Derechos LGBTQ+ - ACLU of Kansas","robots":{"index":"index","follow":"follow","max-snippet":"max-snippet:-1","max-image-preview":"max-image-preview:large","max-video-preview":"max-video-preview:-1"},"canonical":"https:\/\/www.aclukansas.org\/es\/issues\/derechos-lgbtq\/","og_locale":"es_ES","og_type":"article","og_title":"Derechos LGBTQ+ - ACLU of Kansas","og_description":"Since 1936 the ACLU has been a force for LGBTQ+ rights, and we are proud to keep that fight alive in Kansas. Even as the nation moves forward toward equality for all people, there are also some who seek to create unnecessary obstacles for people in the LGBTQ+ community. People face discrimination in the work [&hellip;]","og_url":"https:\/\/www.aclukansas.org\/es\/issues\/derechos-lgbtq\/","og_site_name":"ACLU of Kansas","article_publisher":"https:\/\/www.facebook.com\/aclukansas","article_modified_time":"2026-04-16T20:59:16+00:00","og_image":[{"width":1304,"height":800,"url":"https:\/\/www.aclukansas.org\/app\/uploads\/2023\/04\/resource_hub.jpg","type":"image\/jpeg"}],"twitter_card":"summary_large_image","twitter_site":"@aclukansas","schema":{"@context":"https:\/\/schema.org","@graph":[{"@type":"WebPage","@id":"https:\/\/www.aclukansas.org\/es\/issues\/derechos-lgbtq\/","url":"https:\/\/www.aclukansas.org\/es\/issues\/derechos-lgbtq\/","name":"Derechos LGBTQ+ - ACLU of Kansas","isPartOf":{"@id":"https:\/\/www.aclukansas.org\/#website"},"primaryImageOfPage":{"@id":"https:\/\/www.aclukansas.org\/es\/issues\/derechos-lgbtq\/#primaryimage"},"image":{"@id":"https:\/\/www.aclukansas.org\/es\/issues\/derechos-lgbtq\/#primaryimage"},"thumbnailUrl":"https:\/\/www.aclukansas.org\/app\/uploads\/2023\/04\/resource_hub.jpg","datePublished":"2015-10-22T04:00:00+00:00","dateModified":"2026-04-16T20:59:16+00:00","breadcrumb":{"@id":"https:\/\/www.aclukansas.org\/es\/issues\/derechos-lgbtq\/#breadcrumb"},"inLanguage":"es-ES","potentialAction":[{"@type":"ReadAction","target":["https:\/\/www.aclukansas.org\/es\/issues\/derechos-lgbtq\/"]}]},{"@type":"ImageObject","inLanguage":"es-ES","@id":"https:\/\/www.aclukansas.org\/es\/issues\/derechos-lgbtq\/#primaryimage","url":"https:\/\/www.aclukansas.org\/app\/uploads\/2023\/04\/resource_hub.jpg","contentUrl":"https:\/\/www.aclukansas.org\/app\/uploads\/2023\/04\/resource_hub.jpg"},{"@type":"BreadcrumbList","@id":"https:\/\/www.aclukansas.org\/es\/issues\/derechos-lgbtq\/#breadcrumb","itemListElement":[{"@type":"ListItem","position":1,"name":"Issues","item":"https:\/\/www.aclukansas.org\/issues\/"},{"@type":"ListItem","position":2,"name":"Derechos LGBTQ+"}]},{"@type":"WebSite","@id":"https:\/\/www.aclukansas.org\/#website","url":"https:\/\/www.aclukansas.org\/","name":"ACLU of Kansas","description":"","publisher":{"@id":"https:\/\/www.aclukansas.org\/#organization"},"potentialAction":[{"@type":"SearchAction","target":{"@type":"EntryPoint","urlTemplate":"https:\/\/www.aclukansas.org\/?s={search_term_string}"},"query-input":{"@type":"PropertyValueSpecification","valueRequired":true,"valueName":"search_term_string"}}],"inLanguage":"es-ES"},{"@type":"Organization","@id":"https:\/\/www.aclukansas.org\/#organization","name":"ACLU of Kansas","url":"https:\/\/www.aclukansas.org\/","logo":{"@type":"ImageObject","inLanguage":"es-ES","@id":"https:\/\/www.aclukansas.org\/#\/schema\/logo\/image\/","url":"https:\/\/www.aclukansas.org\/app\/uploads\/2025\/09\/ACLU-Kansas__Color-Logo_RGB.png","contentUrl":"https:\/\/www.aclukansas.org\/app\/uploads\/2025\/09\/ACLU-Kansas__Color-Logo_RGB.png","width":1054,"height":576,"caption":"ACLU of Kansas"},"image":{"@id":"https:\/\/www.aclukansas.org\/#\/schema\/logo\/image\/"},"sameAs":["https:\/\/www.facebook.com\/aclukansas","https:\/\/x.com\/aclukansas"]}]}},"distributor_meta":false,"distributor_terms":false,"distributor_media":false,"distributor_original_site_name":"ACLU of Kansas","distributor_original_site_url":"https:\/\/www.aclukansas.org\/es\/","push-errors":false,"_links":{"self":[{"href":"https:\/\/www.aclukansas.org\/es\/wp-json\/wp\/v2\/issue\/11335","targetHints":{"allow":["GET"]}}],"collection":[{"href":"https:\/\/www.aclukansas.org\/es\/wp-json\/wp\/v2\/issue"}],"about":[{"href":"https:\/\/www.aclukansas.org\/es\/wp-json\/wp\/v2\/types\/issue"}],"author":[{"embeddable":true,"href":"https:\/\/www.aclukansas.org\/es\/wp-json\/wp\/v2\/users\/7"}],"version-history":[{"count":1,"href":"https:\/\/www.aclukansas.org\/es\/wp-json\/wp\/v2\/issue\/11335\/revisions"}],"predecessor-version":[{"id":11336,"href":"https:\/\/www.aclukansas.org\/es\/wp-json\/wp\/v2\/issue\/11335\/revisions\/11336"}],"acf:post":[{"embeddable":true,"href":"https:\/\/www.aclukansas.org\/es\/wp-json\/wp\/v2\/legislation\/5155"},{"embeddable":true,"href":"https:\/\/www.aclukansas.org\/es\/wp-json\/wp\/v2\/legislation\/5147"},{"embeddable":true,"href":"https:\/\/www.aclukansas.org\/es\/wp-json\/wp\/v2\/press_release\/5640"},{"embeddable":true,"href":"https:\/\/www.aclukansas.org\/es\/wp-json\/wp\/v2\/posts\/6353"},{"embeddable":true,"href":"https:\/\/www.aclukansas.org\/es\/wp-json\/wp\/v2\/posts\/6042"},{"embeddable":true,"href":"https:\/\/www.aclukansas.org\/es\/wp-json\/wp\/v2\/posts\/6275"},{"embeddable":true,"href":"https:\/\/www.aclukansas.org\/es\/wp-json\/wp\/v2\/posts\/6380"},{"embeddable":true,"href":"https:\/\/www.aclukansas.org\/es\/wp-json\/wp\/v2\/pages\/2114"},{"embeddable":true,"href":"https:\/\/www.aclukansas.org\/es\/wp-json\/wp\/v2\/press_release\/5899"},{"embeddable":true,"href":"https:\/\/www.aclukansas.org\/es\/wp-json\/wp\/v2\/pages\/2142"},{"embeddable":true,"href":"https:\/\/www.aclukansas.org\/es\/wp-json\/wp\/v2\/publication\/9926"}],"wp:attachment":[{"href":"https:\/\/www.aclukansas.org\/es\/wp-json\/wp\/v2\/media?parent=11335"}],"curies":[{"name":"wp","href":"https:\/\/api.w.org\/{rel}","templated":true}]}}

Desde 1936, la ACLU ha sido una fuerza impulsora de los derechos LGBTQ+, y nos enorgullece mantener viva esa lucha en Kansas. Aunque el país avanza hacia la igualdad para todas las personas, también hay quienes tratan de crear obstáculos innecesarios para la comunidad LGBTQ+. Las personas sufren discriminación en el ámbito laboral, en la vivienda y en la vida pública por su orientación sexual e identidad de género; existen pocas leyes que les protegen.

En 2014, la ACLU de Kansas presentó la demanda Marie contra Mosier, impugnando la prohibición del matrimonio entre personas del mismo sexo en Kansas, ¡y ganó! Otros estados apelaron sentencias similares hasta llegar al Tribunal Supremo, donde las prohibiciones del matrimonio entre personas del mismo sexo fueron declaradas inconstitucionales. Como resultado, las parejas del mismo sexo de todo Kansas pueden casarse legalmente desde noviembre de 2014.

Mientras algunos estados, incluido Kansas, intentan promulgar leyes que legalicen la discriminación, la ACLU de Kansas trabaja para garantizar que no se apruebe ninguna legislación que niegue las libertades civiles a la comunidad LGBTQ+ y ha sido una voz firme en defensa de los derechos de las personas transgénero de Kansas. Hemos contribuido a ampliar las protecciones contra la discriminación para las personas LGBTQ+, desde oponernos a los esfuerzos del exgobernador Brownback por sancionar la discriminación en nombre de la “libertad religiosa”, hasta bloquear <a href="http://www.kslegislature.org/li/b2021_22/measures/sb55/">el ataque legislativo de 2021 contra los estudiantes atletas transgénero</a>, y exigiendo la rendición de cuentas a los distritos escolares individuales que han maltratado a estudiantes transgénero.

Seguiremos luchando contra la discriminación hacia los habitantes de Kansas por motivos de identidad de género y orientación sexual, ya sea en la legislatura, en los tribunales o en la comunidad.

<em>Si has sufrido discriminación con base en tu estatus como miembro de la comunidad LGBTQ+ en Kansas, </em><a href="https://www.aclukansas.org/get-help/"><em>por favor, presenta una denuncia legal</em></a><em>.</em>

Visita nuestro <a href="https://www.aclukansas.org/lgbtq-advocacy-resource-hub/">Centro de Recursos LGBTQ+</a> para obtener más información.
