{"id":11331,"date":"2015-10-22T00:00:00","date_gmt":"2015-10-22T04:00:00","guid":{"rendered":"https:\/\/www.aclukansas.org\/issues\/immigrant-rights\/"},"modified":"2026-04-16T16:38:59","modified_gmt":"2026-04-16T20:38:59","slug":"derechos-de-los-inmigrantes","status":"publish","type":"issue","link":"https:\/\/www.aclukansas.org\/es\/issues\/derechos-de-los-inmigrantes\/","title":{"rendered":"Derechos de los Inmigrantes"},"author":7,"featured_media":0,"parent":0,"menu_order":0,"template":"","meta":{"_acf_changed":false,"_relevanssi_hide_post":"","_relevanssi_hide_content":"","_relevanssi_pin_for_all":"","_relevanssi_pin_keywords":"","_relevanssi_unpin_keywords":"","_relevanssi_related_keywords":"","_relevanssi_related_include_ids":"","_relevanssi_related_exclude_ids":"","_relevanssi_related_no_append":"","_relevanssi_related_not_related":"","_relevanssi_related_posts":"","_relevanssi_noindex_reason":""},"class_list":["post-11331","issue","type-issue","status-publish","hentry"],"acf":{"featured-image":11205,"intro":"En los \u00faltimos a\u00f1os, los ataques respaldados por el Gobierno contra los derechos civiles y las libertades de los inmigrantes han aumentado tanto en n\u00famero como en intensidad. Los inmigrantes se enfrentan a la violencia, la discriminaci\u00f3n, la detenci\u00f3n y la deportaci\u00f3n, a menudo sin las garant\u00edas del debido proceso. Cuando se niega a los inmigrantes la igualdad de protecci\u00f3n ante la ley, se quebrantan los valores constitucionales sobre los que se fund\u00f3 este pa\u00eds.","what-you-need-to-know":null,"promo":{"display_promo":true,"description":"","button":"","url":""},"components":[{"acf_fc_layout":"text","text":{"text":"La ACLU de Kansas se dedica a ampliar y proteger los derechos de los inmigrantes en este estado, independientemente de su estatus de ciudadan\u00eda. Utilizamos el litigio, la defensa, la comunicaci\u00f3n p\u00fablica y la educaci\u00f3n para trabajar con el fin de reducir la hostilidad a la que se enfrentan los inmigrantes cotidianamente a nivel estatal y local.\r\n\r\nNuestro departamento jur\u00eddico ha solicitado con \u00e9xito a las c\u00e1rceles de Kansas que dejen de detener ilegalmente a personas durante per\u00edodos de tiempo irrazonables a petici\u00f3n de las autoridades federales de inmigraci\u00f3n. M\u00e1s recientemente, ayudamos a detener un proyecto de ley que habr\u00eda impedido a los estudiantes inmigrantes criados en Kansas tener acceso a la tarifa de colegiatura estatal en las universidades p\u00fablicas de Kansas. A trav\u00e9s del proyecto \u201cConoce tus derechos\u201d, tambi\u00e9n trabajamos para informar a los inmigrantes de Kansas sobre sus derechos y c\u00f3mo apoyar a la comunidad.\r\n\r\n<strong>RECURSOS<\/strong>\r\n<ul>\r\n \t<li><a href=\"https:\/\/www.aclukansas.org\/?page_id=5589\">ACLU de Kansas: Conoce tus derechos<\/a><\/li>\r\n \t<li><a href=\"https:\/\/www.aclu.org\/know-your-rights\/immigrants-rights#ive-been-stopped-by-police-or-ice\">ACLU: Conoce tus derechos: Derechos de los inmigrantes<\/a><\/li>\r\n \t<li><a href=\"https:\/\/www.airrkc.org\/know-your-rights\">Defensores de los Derechos de los Inmigrantes y Su Reconciliaci\u00f3n (Advocates for Immigrant Rights and Reconciliation): Conoce tus derechos \/ Know Your Rights<\/a><\/li>\r\n \t<li><a href=\"https:\/\/www.ksmoda.org\/emergency-resources\">KSMODA: Alianza del Sue\u00f1o Kansas-Missouri (Kansas-Missouri Dream Alliance)<\/a><\/li>\r\n \t<li><a href=\"https:\/\/www.detentionwatchnetwork.org\/issues\/detention-101\">Red de Vigilancia de la Detenci\u00f3n (Detention Watch Network): Detenci\u00f3n 101 y otros recursos<\/a><\/li>\r\n \t<li>Centro de Recursos Legales para Inmigrantes (Immigrant Legal Resource Center):\r\n<ul>\r\n \t<li><a href=\"https:\/\/www.ilrc.org\/sites\/default\/files\/resources\/ilrc_local-policy-interventions_final.pdf\">Intervenciones en las pol\u00edticas locales para la protecci\u00f3n de los inmigrantes<\/a><\/li>\r\n \t<li><a href=\"https:\/\/www.ilrc.org\/sites\/default\/files\/resources\/2021.02_ilrc_sherrifs-final.pdf\">Comprendiendo el papel de los alguaciles (sheriffs) del arresto a la deportaci\u00f3n<\/a><\/li>\r\n \t<li><a href=\"https:\/\/www.ilrc.org\/resources\/step-step-family-preparedness-plan\">Plan de preparaci\u00f3n familiar paso a paso<\/a><\/li>\r\n<\/ul>\r\n<\/li>\r\n \t<li>Consejo Nacional de Leyes de Inmigraci\u00f3n (National Immigration Law Center): <a href=\"https:\/\/www.nilc.org\/wp-content\/uploads\/2017\/07\/EmployerGuide-NELP-NILC-2017-07.pdf\">Gu\u00eda para empleadores<\/a><\/li>\r\n<\/ul>"}}],"featured-story":null,"latest-stories":[2957],"related_campaigns_cases_legislation":null,"actions":null},"yoast_head":"<!-- This site is optimized with the Yoast SEO plugin v24.9 - https:\/\/yoast.com\/wordpress\/plugins\/seo\/ -->\n<title>Derechos de los Inmigrantes - ACLU of Kansas<\/title>\n<meta name=\"robots\" content=\"index, follow, max-snippet:-1, max-image-preview:large, max-video-preview:-1\" \/>\n<link rel=\"canonical\" href=\"https:\/\/www.aclukansas.org\/es\/issues\/derechos-de-los-inmigrantes\/\" \/>\n<meta property=\"og:locale\" content=\"es_ES\" \/>\n<meta property=\"og:type\" content=\"article\" \/>\n<meta property=\"og:title\" content=\"Derechos de los Inmigrantes - ACLU of Kansas\" \/>\n<meta property=\"og:description\" content=\"In recent years, government-sanctioned attacks on immigrants\u2019 civil rights and liberties have increased in number and intensity. Immigrants face violence, discrimination, detention, and deportation, often without due process. When immigrants are denied equal protection under the law, the constitutional values upon which this country was founded are degraded. What are we doing about it? The [&hellip;]\" \/>\n<meta property=\"og:url\" content=\"https:\/\/www.aclukansas.org\/es\/issues\/derechos-de-los-inmigrantes\/\" \/>\n<meta property=\"og:site_name\" content=\"ACLU of Kansas\" \/>\n<meta property=\"article:publisher\" content=\"https:\/\/www.facebook.com\/aclukansas\" \/>\n<meta property=\"article:modified_time\" content=\"2026-04-16T20:38:59+00:00\" \/>\n<meta property=\"og:image\" content=\"https:\/\/www.aclukansas.org\/app\/themes\/aclu-parent\/img\/default_fb_share.jpg\" \/>\n<meta name=\"twitter:card\" content=\"summary_large_image\" \/>\n<meta name=\"twitter:site\" content=\"@aclukansas\" \/>\n<script type=\"application\/ld+json\" class=\"yoast-schema-graph\">{\"@context\":\"https:\/\/schema.org\",\"@graph\":[{\"@type\":\"WebPage\",\"@id\":\"https:\/\/www.aclukansas.org\/es\/issues\/derechos-de-los-inmigrantes\/\",\"url\":\"https:\/\/www.aclukansas.org\/es\/issues\/derechos-de-los-inmigrantes\/\",\"name\":\"Derechos de los Inmigrantes - ACLU of Kansas\",\"isPartOf\":{\"@id\":\"https:\/\/www.aclukansas.org\/#website\"},\"datePublished\":\"2015-10-22T04:00:00+00:00\",\"dateModified\":\"2026-04-16T20:38:59+00:00\",\"breadcrumb\":{\"@id\":\"https:\/\/www.aclukansas.org\/es\/issues\/derechos-de-los-inmigrantes\/#breadcrumb\"},\"inLanguage\":\"es-ES\",\"potentialAction\":[{\"@type\":\"ReadAction\",\"target\":[\"https:\/\/www.aclukansas.org\/es\/issues\/derechos-de-los-inmigrantes\/\"]}]},{\"@type\":\"BreadcrumbList\",\"@id\":\"https:\/\/www.aclukansas.org\/es\/issues\/derechos-de-los-inmigrantes\/#breadcrumb\",\"itemListElement\":[{\"@type\":\"ListItem\",\"position\":1,\"name\":\"Issues\",\"item\":\"https:\/\/www.aclukansas.org\/issues\/\"},{\"@type\":\"ListItem\",\"position\":2,\"name\":\"Derechos de los Inmigrantes\"}]},{\"@type\":\"WebSite\",\"@id\":\"https:\/\/www.aclukansas.org\/#website\",\"url\":\"https:\/\/www.aclukansas.org\/\",\"name\":\"ACLU of Kansas\",\"description\":\"\",\"publisher\":{\"@id\":\"https:\/\/www.aclukansas.org\/#organization\"},\"potentialAction\":[{\"@type\":\"SearchAction\",\"target\":{\"@type\":\"EntryPoint\",\"urlTemplate\":\"https:\/\/www.aclukansas.org\/?s={search_term_string}\"},\"query-input\":{\"@type\":\"PropertyValueSpecification\",\"valueRequired\":true,\"valueName\":\"search_term_string\"}}],\"inLanguage\":\"es-ES\"},{\"@type\":\"Organization\",\"@id\":\"https:\/\/www.aclukansas.org\/#organization\",\"name\":\"ACLU of Kansas\",\"url\":\"https:\/\/www.aclukansas.org\/\",\"logo\":{\"@type\":\"ImageObject\",\"inLanguage\":\"es-ES\",\"@id\":\"https:\/\/www.aclukansas.org\/#\/schema\/logo\/image\/\",\"url\":\"https:\/\/www.aclukansas.org\/app\/uploads\/2025\/09\/ACLU-Kansas__Color-Logo_RGB.png\",\"contentUrl\":\"https:\/\/www.aclukansas.org\/app\/uploads\/2025\/09\/ACLU-Kansas__Color-Logo_RGB.png\",\"width\":1054,\"height\":576,\"caption\":\"ACLU of Kansas\"},\"image\":{\"@id\":\"https:\/\/www.aclukansas.org\/#\/schema\/logo\/image\/\"},\"sameAs\":[\"https:\/\/www.facebook.com\/aclukansas\",\"https:\/\/x.com\/aclukansas\"]}]}<\/script>\n<!-- \/ Yoast SEO plugin. -->","yoast_head_json":{"title":"Derechos de los Inmigrantes - ACLU of Kansas","robots":{"index":"index","follow":"follow","max-snippet":"max-snippet:-1","max-image-preview":"max-image-preview:large","max-video-preview":"max-video-preview:-1"},"canonical":"https:\/\/www.aclukansas.org\/es\/issues\/derechos-de-los-inmigrantes\/","og_locale":"es_ES","og_type":"article","og_title":"Derechos de los Inmigrantes - ACLU of Kansas","og_description":"In recent years, government-sanctioned attacks on immigrants\u2019 civil rights and liberties have increased in number and intensity. Immigrants face violence, discrimination, detention, and deportation, often without due process. When immigrants are denied equal protection under the law, the constitutional values upon which this country was founded are degraded. What are we doing about it? The [&hellip;]","og_url":"https:\/\/www.aclukansas.org\/es\/issues\/derechos-de-los-inmigrantes\/","og_site_name":"ACLU of Kansas","article_publisher":"https:\/\/www.facebook.com\/aclukansas","article_modified_time":"2026-04-16T20:38:59+00:00","og_image":[{"url":"https:\/\/www.aclukansas.org\/app\/themes\/aclu-parent\/img\/default_fb_share.jpg","type":"","width":"","height":""}],"twitter_card":"summary_large_image","twitter_site":"@aclukansas","schema":{"@context":"https:\/\/schema.org","@graph":[{"@type":"WebPage","@id":"https:\/\/www.aclukansas.org\/es\/issues\/derechos-de-los-inmigrantes\/","url":"https:\/\/www.aclukansas.org\/es\/issues\/derechos-de-los-inmigrantes\/","name":"Derechos de los Inmigrantes - ACLU of Kansas","isPartOf":{"@id":"https:\/\/www.aclukansas.org\/#website"},"datePublished":"2015-10-22T04:00:00+00:00","dateModified":"2026-04-16T20:38:59+00:00","breadcrumb":{"@id":"https:\/\/www.aclukansas.org\/es\/issues\/derechos-de-los-inmigrantes\/#breadcrumb"},"inLanguage":"es-ES","potentialAction":[{"@type":"ReadAction","target":["https:\/\/www.aclukansas.org\/es\/issues\/derechos-de-los-inmigrantes\/"]}]},{"@type":"BreadcrumbList","@id":"https:\/\/www.aclukansas.org\/es\/issues\/derechos-de-los-inmigrantes\/#breadcrumb","itemListElement":[{"@type":"ListItem","position":1,"name":"Issues","item":"https:\/\/www.aclukansas.org\/issues\/"},{"@type":"ListItem","position":2,"name":"Derechos de los Inmigrantes"}]},{"@type":"WebSite","@id":"https:\/\/www.aclukansas.org\/#website","url":"https:\/\/www.aclukansas.org\/","name":"ACLU of Kansas","description":"","publisher":{"@id":"https:\/\/www.aclukansas.org\/#organization"},"potentialAction":[{"@type":"SearchAction","target":{"@type":"EntryPoint","urlTemplate":"https:\/\/www.aclukansas.org\/?s={search_term_string}"},"query-input":{"@type":"PropertyValueSpecification","valueRequired":true,"valueName":"search_term_string"}}],"inLanguage":"es-ES"},{"@type":"Organization","@id":"https:\/\/www.aclukansas.org\/#organization","name":"ACLU of Kansas","url":"https:\/\/www.aclukansas.org\/","logo":{"@type":"ImageObject","inLanguage":"es-ES","@id":"https:\/\/www.aclukansas.org\/#\/schema\/logo\/image\/","url":"https:\/\/www.aclukansas.org\/app\/uploads\/2025\/09\/ACLU-Kansas__Color-Logo_RGB.png","contentUrl":"https:\/\/www.aclukansas.org\/app\/uploads\/2025\/09\/ACLU-Kansas__Color-Logo_RGB.png","width":1054,"height":576,"caption":"ACLU of Kansas"},"image":{"@id":"https:\/\/www.aclukansas.org\/#\/schema\/logo\/image\/"},"sameAs":["https:\/\/www.facebook.com\/aclukansas","https:\/\/x.com\/aclukansas"]}]}},"distributor_meta":false,"distributor_terms":false,"distributor_media":false,"distributor_original_site_name":"ACLU of Kansas","distributor_original_site_url":"https:\/\/www.aclukansas.org\/es\/","push-errors":false,"_links":{"self":[{"href":"https:\/\/www.aclukansas.org\/es\/wp-json\/wp\/v2\/issue\/11331","targetHints":{"allow":["GET"]}}],"collection":[{"href":"https:\/\/www.aclukansas.org\/es\/wp-json\/wp\/v2\/issue"}],"about":[{"href":"https:\/\/www.aclukansas.org\/es\/wp-json\/wp\/v2\/types\/issue"}],"author":[{"embeddable":true,"href":"https:\/\/www.aclukansas.org\/es\/wp-json\/wp\/v2\/users\/7"}],"version-history":[{"count":2,"href":"https:\/\/www.aclukansas.org\/es\/wp-json\/wp\/v2\/issue\/11331\/revisions"}],"predecessor-version":[{"id":11333,"href":"https:\/\/www.aclukansas.org\/es\/wp-json\/wp\/v2\/issue\/11331\/revisions\/11333"}],"acf:post":[{"embeddable":true,"href":"https:\/\/www.aclukansas.org\/es\/wp-json\/wp\/v2\/publication\/2957"}],"wp:attachment":[{"href":"https:\/\/www.aclukansas.org\/es\/wp-json\/wp\/v2\/media?parent=11331"}],"curies":[{"name":"wp","href":"https:\/\/api.w.org\/{rel}","templated":true}]}}

En los últimos años, los ataques respaldados por el Gobierno contra los derechos civiles y las libertades de los inmigrantes han aumentado tanto en número como en intensidad. Los inmigrantes se enfrentan a la violencia, la discriminación, la detención y la deportación, a menudo sin las garantías del debido proceso. Cuando se niega a los inmigrantes la igualdad de protección ante la ley, se quebrantan los valores constitucionales sobre los que se fundó este país.

La ACLU de Kansas se dedica a ampliar y proteger los derechos de los inmigrantes en este estado, independientemente de su estatus de ciudadanía. Utilizamos el litigio, la defensa, la comunicación pública y la educación para trabajar con el fin de reducir la hostilidad a la que se enfrentan los inmigrantes cotidianamente a nivel estatal y local.

Nuestro departamento jurídico ha solicitado con éxito a las cárceles de Kansas que dejen de detener ilegalmente a personas durante períodos de tiempo irrazonables a petición de las autoridades federales de inmigración. Más recientemente, ayudamos a detener un proyecto de ley que habría impedido a los estudiantes inmigrantes criados en Kansas tener acceso a la tarifa de colegiatura estatal en las universidades públicas de Kansas. A través del proyecto “Conoce tus derechos”, también trabajamos para informar a los inmigrantes de Kansas sobre sus derechos y cómo apoyar a la comunidad.

<strong>RECURSOS</strong>
<ul>
 	<li><a href="https://www.aclukansas.org/?page_id=5589">ACLU de Kansas: Conoce tus derechos</a></li>
 	<li><a href="https://www.aclu.org/know-your-rights/immigrants-rights#ive-been-stopped-by-police-or-ice">ACLU: Conoce tus derechos: Derechos de los inmigrantes</a></li>
 	<li><a href="https://www.airrkc.org/know-your-rights">Defensores de los Derechos de los Inmigrantes y Su Reconciliación (Advocates for Immigrant Rights and Reconciliation): Conoce tus derechos / Know Your Rights</a></li>
 	<li><a href="https://www.ksmoda.org/emergency-resources">KSMODA: Alianza del Sueño Kansas-Missouri (Kansas-Missouri Dream Alliance)</a></li>
 	<li><a href="https://www.detentionwatchnetwork.org/issues/detention-101">Red de Vigilancia de la Detención (Detention Watch Network): Detención 101 y otros recursos</a></li>
 	<li>Centro de Recursos Legales para Inmigrantes (Immigrant Legal Resource Center):
<ul>
 	<li><a href="https://www.ilrc.org/sites/default/files/resources/ilrc_local-policy-interventions_final.pdf">Intervenciones en las políticas locales para la protección de los inmigrantes</a></li>
 	<li><a href="https://www.ilrc.org/sites/default/files/resources/2021.02_ilrc_sherrifs-final.pdf">Comprendiendo el papel de los alguaciles (sheriffs) del arresto a la deportación</a></li>
 	<li><a href="https://www.ilrc.org/resources/step-step-family-preparedness-plan">Plan de preparación familiar paso a paso</a></li>
</ul>
</li>
 	<li>Consejo Nacional de Leyes de Inmigración (National Immigration Law Center): <a href="https://www.nilc.org/wp-content/uploads/2017/07/EmployerGuide-NELP-NILC-2017-07.pdf">Guía para empleadores</a></li>
</ul>
