{"id":12288,"date":"2025-05-28T16:14:03","date_gmt":"2025-05-28T20:14:03","guid":{"rendered":"https:\/\/www.aclukansas.org\/cases\/loe-v-kansas\/"},"modified":"2026-08-25T17:21:21","modified_gmt":"2026-08-25T21:21:21","slug":"loe-contra-kansas","status":"publish","type":"case","link":"https:\/\/www.aclukansas.org\/es\/cases\/loe-contra-kansas\/","title":{"rendered":"Loe contra Kansas"},"author":7,"featured_media":0,"menu_order":0,"template":"","meta":{"_acf_changed":false,"_relevanssi_hide_post":"","_relevanssi_hide_content":"","_relevanssi_pin_for_all":"","_relevanssi_pin_keywords":"","_relevanssi_unpin_keywords":"","_relevanssi_related_keywords":"","_relevanssi_related_include_ids":"","_relevanssi_related_exclude_ids":"","_relevanssi_related_no_append":"","_relevanssi_related_not_related":"","_relevanssi_related_posts":"","_relevanssi_noindex_reason":""},"case_status":[],"court":[],"class_list":["post-12288","case","type-case","status-publish","hentry"],"acf":{"case_number":"","featured_image":10830,"date_updated":"20250528","date_filed":null,"call_to_action":null,"attorney":"","judge":"","pro_bono_firm":"","partner_organizations":"","summary":"En enero de 2025, la gobernadora de Kansas, Laura Kelly, vet\u00f3 el proyecto de ley SB 63, una medida aprobada por la legislatura estatal que proh\u00edbe a los proveedores de servicios m\u00e9dicos en el estado de Kansas brindar tratamientos m\u00e9dicos de afirmaci\u00f3n de g\u00e9nero, como terapias hormonales y supresores de la pubertad, a j\u00f3venes transg\u00e9nero diagnosticados con disforia de g\u00e9nero. \"No es tarea de los pol\u00edticos interponerse entre un padre y un hijo que necesita atenci\u00f3n m\u00e9dica de cualquier tipo\", afirm\u00f3 la gobernadora Kelly.","components":[{"acf_fc_layout":"text","text":{"text":"No obstante, la Legislatura de Kansas anul\u00f3 su veto y promulg\u00f3 el proyecto de ley SB 63, lo que puso en peligro el acceso a la atenci\u00f3n m\u00e9dica de los aproximadamente 7,300 adolescentes transg\u00e9nero que viven en el estado. En mayo de 2025, la ACLU y la ACLU de Kansas presentaron una demanda en nombre de dos adolescentes transg\u00e9nero y sus familias ante el Tribunal de Distrito del condado de Douglas para impugnar la ley.\r\n\r\nLoe v. Kansas acusa al proyecto de ley SB 63 de violar las garant\u00edas de igualdad de protecci\u00f3n y derechos fundamentales de la Constituci\u00f3n de Kansas. El caso se present\u00f3 bajo seud\u00f3nimos en nombre de Ryan Roe, de 16 a\u00f1os, y su madre, Rebecca Roe, as\u00ed como de Lily Loe, de 13 a\u00f1os, y su madre, Lisa Loe.\r\n\r\n\"Nuestros clientes y todas las familias de Kansas deber\u00edan tener la libertad de tomar sus propias decisiones m\u00e9dicas privadas y consultar con sus m\u00e9dicos sin que un pol\u00edtico de Kansas est\u00e9 presente en la sala de examen\", afirma Harper Seldin, abogado principal del Proyecto LGBTQ y VIH de la ACLU. \"La ley SB 63 es una intromisi\u00f3n inconstitucional y solo el \u00faltimo ejemplo de los esfuerzos de los pol\u00edticos por atacar, politizar y controlar la atenci\u00f3n m\u00e9dica de las familias de Kansas, que ya se encuentran en una situaci\u00f3n vulnerable. Nos sentimos honrados de representar a nuestros clientes en la defensa de sus derechos constitucionales y en la lucha contra esta amenaza a nuestras comunidades\"."}}],"legal_documents":[{"court":null,"documents":[{"document_options":"document","document":4199,"title":"Brief in Support of Temporary Injunction","subtitle":"","date_filed":null,"drupal_node_id":"","slug":"","child_documents":null},{"document_options":"document","document":4201,"title":"Petition","subtitle":"","date_filed":null,"drupal_node_id":"","slug":"","child_documents":null},{"document_options":"document","document":4203,"title":"Motion for Temporary Injunction","subtitle":"","date_filed":null,"drupal_node_id":"","slug":"","child_documents":null},{"document_options":"document","document":11547,"title":"Order Granting Preliminary Injunction","subtitle":"","date_filed":"20260515","drupal_node_id":"","slug":"","child_documents":null}]}],"plaintiffs":null,"co-counsel":null,"issues":[11335],"related_content_publications":"","press_releases_related_to_cases":[6013,11544],"related_news":null,"related_content_cases":[5531]},"yoast_head":"<!-- This site is optimized with the Yoast SEO plugin v24.9 - https:\/\/yoast.com\/wordpress\/plugins\/seo\/ -->\n<title>Loe contra Kansas - ACLU of Kansas<\/title>\n<meta name=\"robots\" content=\"index, follow, max-snippet:-1, max-image-preview:large, max-video-preview:-1\" \/>\n<link rel=\"canonical\" href=\"https:\/\/www.aclukansas.org\/es\/cases\/loe-contra-kansas\/\" \/>\n<meta property=\"og:locale\" content=\"es_ES\" \/>\n<meta property=\"og:type\" content=\"article\" \/>\n<meta property=\"og:title\" content=\"Loe contra Kansas - ACLU of Kansas\" \/>\n<meta property=\"og:description\" content=\"On May 28, 2025,&nbsp;the ACLU and the ACLU of Kansas filed a lawsuit on behalf of two transgender adolescents and their parents have filed a challenge in Kansas state court against SB 63, a law passed in the 2025 legislative session prohibiting access to gender-affirming medical treatments for transgender people under 18.&nbsp; Loe v. Kansas [&hellip;]\" \/>\n<meta property=\"og:url\" content=\"https:\/\/www.aclukansas.org\/es\/cases\/loe-contra-kansas\/\" \/>\n<meta property=\"og:site_name\" content=\"ACLU of Kansas\" \/>\n<meta property=\"article:publisher\" content=\"https:\/\/www.facebook.com\/aclukansas\" \/>\n<meta property=\"article:modified_time\" content=\"2026-08-25T21:21:21+00:00\" \/>\n<meta property=\"og:image\" content=\"https:\/\/www.aclukansas.org\/app\/themes\/aclu-parent\/img\/default_fb_share.jpg\" \/>\n<meta name=\"twitter:card\" content=\"summary_large_image\" \/>\n<meta name=\"twitter:site\" content=\"@aclukansas\" \/>\n<script type=\"application\/ld+json\" class=\"yoast-schema-graph\">{\"@context\":\"https:\/\/schema.org\",\"@graph\":[{\"@type\":\"WebPage\",\"@id\":\"https:\/\/www.aclukansas.org\/es\/cases\/loe-contra-kansas\/\",\"url\":\"https:\/\/www.aclukansas.org\/es\/cases\/loe-contra-kansas\/\",\"name\":\"Loe contra Kansas - ACLU of Kansas\",\"isPartOf\":{\"@id\":\"https:\/\/www.aclukansas.org\/#website\"},\"datePublished\":\"2025-05-28T20:14:03+00:00\",\"dateModified\":\"2026-08-25T21:21:21+00:00\",\"inLanguage\":\"es-ES\",\"potentialAction\":[{\"@type\":\"ReadAction\",\"target\":[\"https:\/\/www.aclukansas.org\/es\/cases\/loe-contra-kansas\/\"]}]},{\"@type\":\"BreadcrumbList\",\"@id\":\"https:\/\/www.aclukansas.org\/es\/cases\/loe-contra-kansas\/#breadcrumb\",\"itemListElement\":[{\"@type\":\"ListItem\",\"position\":1,\"name\":\"Cases\",\"item\":\"https:\/\/www.aclukansas.org\/cases\/\"},{\"@type\":\"ListItem\",\"position\":2,\"name\":\"Loe contra Kansas\"}]},{\"@type\":\"WebSite\",\"@id\":\"https:\/\/www.aclukansas.org\/#website\",\"url\":\"https:\/\/www.aclukansas.org\/\",\"name\":\"ACLU of Kansas\",\"description\":\"\",\"publisher\":{\"@id\":\"https:\/\/www.aclukansas.org\/#organization\"},\"potentialAction\":[{\"@type\":\"SearchAction\",\"target\":{\"@type\":\"EntryPoint\",\"urlTemplate\":\"https:\/\/www.aclukansas.org\/?s={search_term_string}\"},\"query-input\":{\"@type\":\"PropertyValueSpecification\",\"valueRequired\":true,\"valueName\":\"search_term_string\"}}],\"inLanguage\":\"es-ES\"},{\"@type\":\"Organization\",\"@id\":\"https:\/\/www.aclukansas.org\/#organization\",\"name\":\"ACLU of Kansas\",\"url\":\"https:\/\/www.aclukansas.org\/\",\"logo\":{\"@type\":\"ImageObject\",\"inLanguage\":\"es-ES\",\"@id\":\"https:\/\/www.aclukansas.org\/#\/schema\/logo\/image\/\",\"url\":\"https:\/\/www.aclukansas.org\/app\/uploads\/2025\/09\/ACLU-Kansas__Color-Logo_RGB.png\",\"contentUrl\":\"https:\/\/www.aclukansas.org\/app\/uploads\/2025\/09\/ACLU-Kansas__Color-Logo_RGB.png\",\"width\":1054,\"height\":576,\"caption\":\"ACLU of Kansas\"},\"image\":{\"@id\":\"https:\/\/www.aclukansas.org\/#\/schema\/logo\/image\/\"},\"sameAs\":[\"https:\/\/www.facebook.com\/aclukansas\",\"https:\/\/x.com\/aclukansas\"]}]}<\/script>\n<!-- \/ Yoast SEO plugin. -->","yoast_head_json":{"title":"Loe contra Kansas - ACLU of Kansas","robots":{"index":"index","follow":"follow","max-snippet":"max-snippet:-1","max-image-preview":"max-image-preview:large","max-video-preview":"max-video-preview:-1"},"canonical":"https:\/\/www.aclukansas.org\/es\/cases\/loe-contra-kansas\/","og_locale":"es_ES","og_type":"article","og_title":"Loe contra Kansas - ACLU of Kansas","og_description":"On May 28, 2025,&nbsp;the ACLU and the ACLU of Kansas filed a lawsuit on behalf of two transgender adolescents and their parents have filed a challenge in Kansas state court against SB 63, a law passed in the 2025 legislative session prohibiting access to gender-affirming medical treatments for transgender people under 18.&nbsp; Loe v. Kansas [&hellip;]","og_url":"https:\/\/www.aclukansas.org\/es\/cases\/loe-contra-kansas\/","og_site_name":"ACLU of Kansas","article_publisher":"https:\/\/www.facebook.com\/aclukansas","article_modified_time":"2026-08-25T21:21:21+00:00","og_image":[{"url":"https:\/\/www.aclukansas.org\/app\/themes\/aclu-parent\/img\/default_fb_share.jpg","type":"","width":"","height":""}],"twitter_card":"summary_large_image","twitter_site":"@aclukansas","schema":{"@context":"https:\/\/schema.org","@graph":[{"@type":"WebPage","@id":"https:\/\/www.aclukansas.org\/es\/cases\/loe-contra-kansas\/","url":"https:\/\/www.aclukansas.org\/es\/cases\/loe-contra-kansas\/","name":"Loe contra Kansas - ACLU of Kansas","isPartOf":{"@id":"https:\/\/www.aclukansas.org\/#website"},"datePublished":"2025-05-28T20:14:03+00:00","dateModified":"2026-08-25T21:21:21+00:00","inLanguage":"es-ES","potentialAction":[{"@type":"ReadAction","target":["https:\/\/www.aclukansas.org\/es\/cases\/loe-contra-kansas\/"]}]},{"@type":"BreadcrumbList","@id":"https:\/\/www.aclukansas.org\/es\/cases\/loe-contra-kansas\/#breadcrumb","itemListElement":[{"@type":"ListItem","position":1,"name":"Cases","item":"https:\/\/www.aclukansas.org\/cases\/"},{"@type":"ListItem","position":2,"name":"Loe contra Kansas"}]},{"@type":"WebSite","@id":"https:\/\/www.aclukansas.org\/#website","url":"https:\/\/www.aclukansas.org\/","name":"ACLU of Kansas","description":"","publisher":{"@id":"https:\/\/www.aclukansas.org\/#organization"},"potentialAction":[{"@type":"SearchAction","target":{"@type":"EntryPoint","urlTemplate":"https:\/\/www.aclukansas.org\/?s={search_term_string}"},"query-input":{"@type":"PropertyValueSpecification","valueRequired":true,"valueName":"search_term_string"}}],"inLanguage":"es-ES"},{"@type":"Organization","@id":"https:\/\/www.aclukansas.org\/#organization","name":"ACLU of Kansas","url":"https:\/\/www.aclukansas.org\/","logo":{"@type":"ImageObject","inLanguage":"es-ES","@id":"https:\/\/www.aclukansas.org\/#\/schema\/logo\/image\/","url":"https:\/\/www.aclukansas.org\/app\/uploads\/2025\/09\/ACLU-Kansas__Color-Logo_RGB.png","contentUrl":"https:\/\/www.aclukansas.org\/app\/uploads\/2025\/09\/ACLU-Kansas__Color-Logo_RGB.png","width":1054,"height":576,"caption":"ACLU of Kansas"},"image":{"@id":"https:\/\/www.aclukansas.org\/#\/schema\/logo\/image\/"},"sameAs":["https:\/\/www.facebook.com\/aclukansas","https:\/\/x.com\/aclukansas"]}]}},"distributor_meta":false,"distributor_terms":false,"distributor_media":false,"distributor_original_site_name":"ACLU of Kansas","distributor_original_site_url":"https:\/\/www.aclukansas.org\/es\/","push-errors":false,"_links":{"self":[{"href":"https:\/\/www.aclukansas.org\/es\/wp-json\/wp\/v2\/case\/12288","targetHints":{"allow":["GET"]}}],"collection":[{"href":"https:\/\/www.aclukansas.org\/es\/wp-json\/wp\/v2\/case"}],"about":[{"href":"https:\/\/www.aclukansas.org\/es\/wp-json\/wp\/v2\/types\/case"}],"author":[{"embeddable":true,"href":"https:\/\/www.aclukansas.org\/es\/wp-json\/wp\/v2\/users\/7"}],"version-history":[{"count":1,"href":"https:\/\/www.aclukansas.org\/es\/wp-json\/wp\/v2\/case\/12288\/revisions"}],"predecessor-version":[{"id":12289,"href":"https:\/\/www.aclukansas.org\/es\/wp-json\/wp\/v2\/case\/12288\/revisions\/12289"}],"acf:post":[{"embeddable":true,"href":"https:\/\/www.aclukansas.org\/es\/wp-json\/wp\/v2\/legislation\/5531"},{"embeddable":true,"href":"https:\/\/www.aclukansas.org\/es\/wp-json\/wp\/v2\/press_release\/11544"},{"embeddable":true,"href":"https:\/\/www.aclukansas.org\/es\/wp-json\/wp\/v2\/press_release\/6013"},{"embeddable":true,"href":"https:\/\/www.aclukansas.org\/es\/wp-json\/wp\/v2\/issue\/11335"}],"wp:attachment":[{"href":"https:\/\/www.aclukansas.org\/es\/wp-json\/wp\/v2\/media?parent=12288"}],"wp:term":[{"taxonomy":"case_status","embeddable":true,"href":"https:\/\/www.aclukansas.org\/es\/wp-json\/wp\/v2\/case_status?post=12288"},{"taxonomy":"court","embeddable":true,"href":"https:\/\/www.aclukansas.org\/es\/wp-json\/wp\/v2\/court?post=12288"}],"curies":[{"name":"wp","href":"https:\/\/api.w.org\/{rel}","templated":true}]}}

En enero de 2025, la gobernadora de Kansas, Laura Kelly, vetó el proyecto de ley SB 63, una medida aprobada por la legislatura estatal que prohíbe a los proveedores de servicios médicos en el estado de Kansas brindar tratamientos médicos de afirmación de género, como terapias hormonales y supresores de la pubertad, a jóvenes transgénero diagnosticados con disforia de género. "No es tarea de los políticos interponerse entre un padre y un hijo que necesita atención médica de cualquier tipo", afirmó la gobernadora Kelly.

No obstante, la Legislatura de Kansas anuló su veto y promulgó el proyecto de ley SB 63, lo que puso en peligro el acceso a la atención médica de los aproximadamente 7,300 adolescentes transgénero que viven en el estado. En mayo de 2025, la ACLU y la ACLU de Kansas presentaron una demanda en nombre de dos adolescentes transgénero y sus familias ante el Tribunal de Distrito del condado de Douglas para impugnar la ley.

Loe v. Kansas acusa al proyecto de ley SB 63 de violar las garantías de igualdad de protección y derechos fundamentales de la Constitución de Kansas. El caso se presentó bajo seudónimos en nombre de Ryan Roe, de 16 años, y su madre, Rebecca Roe, así como de Lily Loe, de 13 años, y su madre, Lisa Loe.

"Nuestros clientes y todas las familias de Kansas deberían tener la libertad de tomar sus propias decisiones médicas privadas y consultar con sus médicos sin que un político de Kansas esté presente en la sala de examen", afirma Harper Seldin, abogado principal del Proyecto LGBTQ y VIH de la ACLU. "La ley SB 63 es una intromisión inconstitucional y solo el último ejemplo de los esfuerzos de los políticos por atacar, politizar y controlar la atención médica de las familias de Kansas, que ya se encuentran en una situación vulnerable. Nos sentimos honrados de representar a nuestros clientes en la defensa de sus derechos constitucionales y en la lucha contra esta amenaza a nuestras comunidades".
